{"id":1465,"date":"2023-01-23T09:50:08","date_gmt":"2023-01-23T09:50:08","guid":{"rendered":"https:\/\/fishingandhuntingtv.com\/international\/?page_id=1465"},"modified":"2023-01-23T09:50:08","modified_gmt":"2023-01-23T09:50:08","slug":"focus-on-angling","status":"publish","type":"page","link":"https:\/\/fishingandhuntingtv.com\/international\/focus-on-angling\/","title":{"rendered":"<strong>Focus on Angling<\/strong>"},"content":{"rendered":"\n<p><strong>Focus on Angling<\/strong><strong><\/strong><\/p>\n\n\n\n<p>Fishing for big carps is about patience and endurance. It is not easy to fool huge carps and grass carps, but these two determined guys almost always manage to do so! Learn about new and special tackles and lure variations directly form the experts of this topic. Focus on Angling with J\u00f3zsef \u00c1cs and Norbert Pa\u00e1l.<\/p>\n","protected":false},"excerpt":{"rendered":"<p>Focus on Angling Fishing for big carps is about patience and endurance. It is not easy to fool huge carps and grass carps, but these two determined guys almost always manage to do so! Learn about new and special tackles and lure variations directly form the experts of this topic. Focus on Angling with J\u00f3zsef&hellip;<\/p>\n","protected":false},"author":1,"featured_media":1466,"parent":0,"menu_order":0,"comment_status":"closed","ping_status":"closed","template":"","meta":[],"_links":{"self":[{"href":"https:\/\/fishingandhuntingtv.com\/international\/wp-json\/wp\/v2\/pages\/1465"}],"collection":[{"href":"https:\/\/fishingandhuntingtv.com\/international\/wp-json\/wp\/v2\/pages"}],"about":[{"href":"https:\/\/fishingandhuntingtv.com\/international\/wp-json\/wp\/v2\/types\/page"}],"author":[{"embeddable":true,"href":"https:\/\/fishingandhuntingtv.com\/international\/wp-json\/wp\/v2\/users\/1"}],"replies":[{"embeddable":true,"href":"https:\/\/fishingandhuntingtv.com\/international\/wp-json\/wp\/v2\/comments?post=1465"}],"version-history":[{"count":1,"href":"https:\/\/fishingandhuntingtv.com\/international\/wp-json\/wp\/v2\/pages\/1465\/revisions"}],"predecessor-version":[{"id":1467,"href":"https:\/\/fishingandhuntingtv.com\/international\/wp-json\/wp\/v2\/pages\/1465\/revisions\/1467"}],"wp:featuredmedia":[{"embeddable":true,"href":"https:\/\/fishingandhuntingtv.com\/international\/wp-json\/wp\/v2\/media\/1466"}],"wp:attachment":[{"href":"https:\/\/fishingandhuntingtv.com\/international\/wp-json\/wp\/v2\/media?parent=1465"}],"curies":[{"name":"wp","href":"https:\/\/api.w.org\/{rel}","templated":true}]}}